{"id":584,"date":"2016-03-08T21:27:58","date_gmt":"2016-03-08T21:27:58","guid":{"rendered":"https:\/\/houzez01.favethemes.com\/?page_id=584"},"modified":"2016-03-08T21:27:58","modified_gmt":"2016-03-08T21:27:58","slug":"property-by-ids","status":"publish","type":"page","link":"https:\/\/www.baitenou.com\/index.php\/property-by-ids\/","title":{"rendered":"Property by IDs"},"content":{"rendered":"<p>\t\t\t\t[vc_row][vc_column]\t\t<div\r\n\t\t\tclass=\"houzez-module module-title section-title-module text-left \">\r\n\t\t\t<h2>Property by IDs<\/h2>\r\n\r\n\t\t\t<h3 class=\"sub-heading\">Display your properties selecting them by multiple IDs<\/h3>\r\n\t\t<\/div>\r\n\t\t[\/vc_column][\/vc_row][vc_row][vc_column]\n        <div id=\"property-item-module\" class=\"houzez-module property-item-module\">\n            <div class=\"row grid-row\">\n\n                <div class=\"col-md-4 col-sm-6 col-xs-12\"><div id=\"ID-429\" class=\"item-wrap\">\n    <div class=\"property-item item-grid\">\n        <div class=\"figure-block\">\n            <figure class=\"item-thumb\">\n                \n                <div class=\"label-wrap label-right hide-on-list\">\n                    <span class=\"label-status label-status-22 label label-default\"><a href=\"https:\/\/www.baitenou.com\/index.php\/status\/for-rent\/\">For Rent<\/a><\/span>                <\/div>\n\n                <div class=\"price hide-on-list\">\n                    <span class=\"item-price item-price-text\"><\/span>                <\/div>\n                <a class=\"hover-effect\" href=\"https:\/\/www.baitenou.com\/index.php\/property\/dans-le-nouveau-programme-du-rav-pinto-herzilah-pitouha\/\">\n                    <img loading=\"lazy\" decoding=\"async\" width=\"385\" height=\"258\" src=\"https:\/\/www.baitenou.com\/wp-content\/uploads\/2016\/01\/inner-bed-room-1-385x258.jpg\" class=\"attachment-houzez-property-thumb-image size-houzez-property-thumb-image wp-post-image\" alt=\"\" srcset=\"https:\/\/www.baitenou.com\/wp-content\/uploads\/2016\/01\/inner-bed-room-1-385x258.jpg 385w, https:\/\/www.baitenou.com\/wp-content\/uploads\/2016\/01\/inner-bed-room-1-300x202.jpg 300w, https:\/\/www.baitenou.com\/wp-content\/uploads\/2016\/01\/inner-bed-room-1-768x516.jpg 768w, https:\/\/www.baitenou.com\/wp-content\/uploads\/2016\/01\/inner-bed-room-1-1024x688.jpg 1024w, https:\/\/www.baitenou.com\/wp-content\/uploads\/2016\/01\/inner-bed-room-1-150x101.jpg 150w, https:\/\/www.baitenou.com\/wp-content\/uploads\/2016\/01\/inner-bed-room-1-350x235.jpg 350w, https:\/\/www.baitenou.com\/wp-content\/uploads\/2016\/01\/inner-bed-room-1-715x480.jpg 715w, https:\/\/www.baitenou.com\/wp-content\/uploads\/2016\/01\/inner-bed-room-1.jpg 1170w\" sizes=\"(max-width: 385px) 100vw, 385px\" \/>                <\/a>\n                <ul class=\"actions\">\n\n        <li>\n\n        <span class=\"add_fav\" data-placement=\"top\" data-toggle=\"tooltip\" data-original-title=\"Pr\u00e9f\u00e9r\u00e9\" data-propid=\"429\"><i class=\"fa fa-heart-o\"><\/i><\/span>\n    <\/li>\n    \n        \n        <li>\n        <span data-toggle=\"tooltip\" data-placement=\"top\" title=\"(7) \">\n            <i class=\"fa fa-camera\"><\/i>\n        <\/span>\n    <\/li>\n    \n        <li>\n        <span id=\"compare-link-429\" class=\"compare-property\" data-propid=\"429\" data-toggle=\"tooltip\" data-placement=\"top\" title=\"Comparer\">\n            <i class=\"fa fa-plus\"><\/i>\n        <\/span>\n    <\/li>\n    <\/ul>\n            <\/figure>\n        <\/div>\n        <div class=\"item-body\">\n\n            <div class=\"body-left\">\n                <div class=\"info-row\">\n\n                    <h3 class=\"property-title\"><a href=\"https:\/\/www.baitenou.com\/index.php\/property\/dans-le-nouveau-programme-du-rav-pinto-herzilah-pitouha\/\">Programme neuf Tel Aviv :  Yehouda  Hamakabi<\/a><\/h3><address class=\"property-address\">Hollywood Blvd<\/address>                <\/div>\n                <div class=\"table-list full-width info-row\">\n                    <div class=\"cell\">\n                        <div class=\"info-row amenities\">\n                            <p><span class=\"h-beds\">Chambres: 3 , 4 , 5<\/span><span class=\"h-baths\">Thermes: 2<\/span><\/p>                            <p>Villa<\/p>\n                        <\/div>\n                    <\/div>\n                    <div class=\"cell\">\n                        <div class=\"phone\">\n                            <a href=\"https:\/\/www.baitenou.com\/index.php\/property\/dans-le-nouveau-programme-du-rav-pinto-herzilah-pitouha\/\" class=\"btn btn-primary\"> D\u00e9tails <i class=\"fa fa-angle-right fa-right\"><\/i><\/a>\n                        <\/div>\n                    <\/div>\n                <\/div>\n            <\/div>\n\n        <\/div>\n    <\/div>\n            <div class=\"item-foot date hide-on-list\">\n                            <div class=\"item-foot-left\">\n                                            <p class=\"prop-user-agent\"><i class=\"fa fa-user\"><\/i> <a href=\"https:\/\/www.baitenou.com\/index.php\/agent\/brittany-watkins\/\">Brittany Watkins<\/a> <\/p>\n                                    <\/div>\n            \n                            <div class=\"item-foot-right\">\n                    <p class=\"prop-date\"><i class=\"fa fa-calendar\"><\/i>il y a10 ans<\/p>\n                <\/div>\n                    <\/div>\n    <\/div>\n<\/div><div class=\"col-md-4 col-sm-6 col-xs-12\"><div id=\"ID-127\" class=\"item-wrap\">\n    <div class=\"property-item item-grid\">\n        <div class=\"figure-block\">\n            <figure class=\"item-thumb\">\n                    <span class=\"label-featured label label-success\">En vedette<\/span>\n\n                <div class=\"label-wrap label-right hide-on-list\">\n                    <span class=\"label-status label-status-22 label label-default\"><a href=\"https:\/\/www.baitenou.com\/index.php\/status\/for-rent\/\">For Rent<\/a><\/span><span class=\"label label-default label-color-48\"><a href=\"https:\/\/www.baitenou.com\/index.php\/label\/sold\/\">SOLD<\/a><\/span>                <\/div>\n\n                <div class=\"price hide-on-list\">\n                    <span class=\"item-price\">$1,890&#47;mo<\/span>                <\/div>\n                <a class=\"hover-effect\" href=\"https:\/\/www.baitenou.com\/index.php\/property\/amazing-oceanfront-apartment\/\">\n                                    <\/a>\n                <ul class=\"actions\">\n\n        <li>\n\n        <span class=\"add_fav\" data-placement=\"top\" data-toggle=\"tooltip\" data-original-title=\"Pr\u00e9f\u00e9r\u00e9\" data-propid=\"127\"><i class=\"fa fa-heart-o\"><\/i><\/span>\n    <\/li>\n    \n        \n        <li>\n        <span data-toggle=\"tooltip\" data-placement=\"top\" title=\"(7) \">\n            <i class=\"fa fa-camera\"><\/i>\n        <\/span>\n    <\/li>\n    \n        <li>\n        <span id=\"compare-link-127\" class=\"compare-property\" data-propid=\"127\" data-toggle=\"tooltip\" data-placement=\"top\" title=\"Comparer\">\n            <i class=\"fa fa-plus\"><\/i>\n        <\/span>\n    <\/li>\n    <\/ul>\n            <\/figure>\n        <\/div>\n        <div class=\"item-body\">\n\n            <div class=\"body-left\">\n                <div class=\"info-row\">\n\n                    <h3 class=\"property-title\"><a href=\"https:\/\/www.baitenou.com\/index.php\/property\/amazing-oceanfront-apartment\/\">Amazing oceanfront apartment<\/a><\/h3><address class=\"property-address\">834 Ocean Dr, Miami Beach, FL 33139, Stati Uniti<\/address>                <\/div>\n                <div class=\"table-list full-width info-row\">\n                    <div class=\"cell\">\n                        <div class=\"info-row amenities\">\n                            <p><span class=\"h-beds\">Lit: 1<\/span><span class=\"h-baths\">Une baignoire: 1<\/span><span class=\"h-area\">Sq Ft: 1340<\/span><\/p>                            <p>Apartment<\/p>\n                        <\/div>\n                    <\/div>\n                    <div class=\"cell\">\n                        <div class=\"phone\">\n                            <a href=\"https:\/\/www.baitenou.com\/index.php\/property\/amazing-oceanfront-apartment\/\" class=\"btn btn-primary\"> D\u00e9tails <i class=\"fa fa-angle-right fa-right\"><\/i><\/a>\n                        <\/div>\n                    <\/div>\n                <\/div>\n            <\/div>\n\n        <\/div>\n    <\/div>\n            <div class=\"item-foot date hide-on-list\">\n                            <div class=\"item-foot-left\">\n                                            <p class=\"prop-user-agent\"><i class=\"fa fa-user\"><\/i> <a href=\"https:\/\/www.baitenou.com\/index.php\/agent\/brittany-watkins\/\">Brittany Watkins<\/a> <\/p>\n                                    <\/div>\n            \n                            <div class=\"item-foot-right\">\n                    <p class=\"prop-date\"><i class=\"fa fa-calendar\"><\/i>il y a10 ans<\/p>\n                <\/div>\n                    <\/div>\n    <\/div>\n<\/div>            <\/div>\n            <!-- end container-content -->\n        <\/div>\n\n        [\/vc_column][\/vc_row]\t\t<\/p>\n","protected":false},"excerpt":{"rendered":"<p>[vc_row][vc_column][\/vc_column][\/vc_row][vc_row][vc_column][\/vc_column][\/vc_row]<\/p>\n","protected":false},"author":1,"featured_media":0,"parent":0,"menu_order":0,"comment_status":"closed","ping_status":"closed","template":"template\/template-homepage.php","meta":{"footnotes":""},"_links":{"self":[{"href":"https:\/\/www.baitenou.com\/index.php\/wp-json\/wp\/v2\/pages\/584"}],"collection":[{"href":"https:\/\/www.baitenou.com\/index.php\/wp-json\/wp\/v2\/pages"}],"about":[{"href":"https:\/\/www.baitenou.com\/index.php\/wp-json\/wp\/v2\/types\/page"}],"author":[{"embeddable":true,"href":"https:\/\/www.baitenou.com\/index.php\/wp-json\/wp\/v2\/users\/1"}],"replies":[{"embeddable":true,"href":"https:\/\/www.baitenou.com\/index.php\/wp-json\/wp\/v2\/comments?post=584"}],"version-history":[{"count":0,"href":"https:\/\/www.baitenou.com\/index.php\/wp-json\/wp\/v2\/pages\/584\/revisions"}],"wp:attachment":[{"href":"https:\/\/www.baitenou.com\/index.php\/wp-json\/wp\/v2\/media?parent=584"}],"curies":[{"name":"wp","href":"https:\/\/api.w.org\/{rel}","templated":true}]}}